 (0 - (4 + -8))) + 52.
58
Evaluate -9 - ((-57 - -70) + (-8 - (2 + 1))) - 59.
-70
Evaluate 26 + 166 + -189 - (1 + -28).
30
Calculate -53 + (13 - (-33 + 8) - 12).
-27
What is the value of (5 - 31) + (2 - -11 - ((8 - -34) + -33))?
-22
1 - (-3 - -12 - (1 + 18)) - 56
-45
10 + -5 + 0 + (26 - (-10 + 33)) + 41
49
What is the value of -4 + 200 + -164 + -153?
-121
Evaluate (59 + 151 - 138) + -10.
62
Evaluate 10 + -12 - -19 - (1 + (-1 - -7)).
10
What is 9 + -11 + (-2 - (2 - 10)) - 55 - 6?
-57
What is the value of 1 - (-3 + 2) - (-47 - (1 + -10 + 14))?
54
What is -39 + 16 + (-63 - -49) + (-13 - 5)?
-55
Calculate -70 + ((5 - 0) + (-79 - -78) - -4).
-62
What is (1 - -19) + (-87 - (61 - 125))?
-3
What is -51 + 25 + -31 + -7?
-64
63 + -19 - (-1 + 6 + 3)
36
Evaluate -82 - -84 - (99 - (2 - 1 - (-3 - -5))).
-98
What is the value of 10 + (3 - (6 - (1 + (-6 - -4) + 5)))?
11
1 - ((3 - 1) + (-43 - 0) - (7576 + -7581))
37
((-4 - 9) + 15 - (7 - -4)) + 5 - -65
61
Calculate 38 + (-6 - (-3 + 4)) + (116 - 121).
26
What is the value of 22 - (25 + -1 + -379 + 406)?
-29
Evaluate -26 - 33 - -21 - (24 + -7 - 7).
-48
7 + 0 + (-26 - (3 + -5)) + 1
-16
Evaluate -32 + -9 + 31 + -13.
-23
Calculate -12 + 1 + (-711 - -714) - (1 + -61).
52
Calculate 3 + (51 - 17 - (-16 - 7)).
60
What is the value of (-14 - 24) + (-221 - -187)?
-72
What is 1 + 22 + -4 + 9 + (18 - 23)?
23
20 + -34 - (-93 + 43)
36
What is the value of (-1 - -299) + -150 + -35 + -1?
112
-2 + (27 - -41) - -10 - 20
56
94 + -169 + 71 + (3 - -2)
1
Evaluate -13 + 8 + 25 + (3 - 8) + 3.
18
Calculate 16 + -7 + (-33 - 1 - (-52 - -48)).
-21
Calculate 105 + -127 - (-18 + (11 - 9)).
-6
What is the value of -55 + -9 + 8 + 5 + 2?
-49
What is (1 - 147) + 889 + -826?
-83
-212 + 201 - 3 - (-1 - 44)
31
Calculate 48 - (120 + (-50 - -13)).
-35
Evaluate (6 - (-43 + 32)) + 14 - 136.
-105
Evaluate -19 - (19 - (-23 - -8)).
-53
Evaluate -9 - (93 + 9 + -12 + 1) - (-76 - -64).
-88
What is the value of 129 + -63 + -214 + 92?
-56
What is the value of -22 - (-13 - -4 - (76 + -7))?
56
Calculate 5 + 11 + -12 + -4 + 5 - (0 + -12).
17
Calculate 3 - 0 - -8 - (-1 - -9 - -50 - 12).
-35
What is the value of -6710 + 6697 - (0 - (-99 - 2))?
-114
(1 - (14 - -2)) + 34 + (-14 - 35)
-30
Evaluate 209 - (113 + 108) - (-2 + -66 + (2 - 2)).
56
-1 + (6 - 20) - (577 + -672)
80
What is -18 + (-107 + 137 - -73)?
85
What is (-6 - (-2 - -30)) + -9 + -28?
-71
Calculate -28 - -8 - (2 - (7 + -12 + 7)).
-20
Calculate -33 + 96 - (6 - (2 - 7) - 4).
56
Evaluate (-1 - (8 - 2)) + -227 + 237 - -81.
84
Calculate -14 + 73 + -127 - (-24 + 3).
-47
Calculate (28 + 15 - 82) + 48.
9
Evaluate (5 + 2 - -55) + (3 - 8 - 3 - -4).
58
What is 8 + (318 - 279 - (2 - 9))?
54
Calculate (21 - (24 + -24 - 8)) + 4.
33
Evaluate 19 + 8 + 31 + -16 + -8.
34
Evaluate (1 - 9) + 144 + -163 - -19.
-8
Evaluate (18 - (13 - -33)) + (-10 - -3).
-35
Evaluate (-18 - -61) + (208 - 328).
-77
Calculate -6 + 155 + (-159 - 5) + -2 + -76 + 0.
-93
Calculate 869 - 849 - (1 - (53 + 2)).
74
Calculate 4 + 7 + (-1 - -2 - (117 + -79)) + -12.
-38
What is (-24 + 9 - 39) + -65 + 0 + 19?
-100
What is the value of (-67 + 3 - (3 + -3)) + (67 - (-1 + 65))?
-61
What is the value of -16 + -63 + 17 - -53?
-9
What is the value of -35 + (-13 - (19 + -63 - -4) - 9)?
-17
What is the value of -25 + (-187 - -114) + -7?
-105
What is 1 + 68 + -6 + (-32 - -23)?
54
Evaluate 19 - (60 + -52) - 20.
-9
Evaluate 217 + -237 - (11 + 6 + 10).
-47
What is the value of (73 - (-13 - -11)) + (-5 + -3 - -6) - 10?
63
Calculate 25 - ((10 + (-2 - -5) - (307 - 318)) + -9).
10
What is 38 + -12 + -24 + 8 + 27?
37
What is the value of 3 + 2 + -3553 + 3529?
-19
What is (-536 + 541 - (-1 - -42)) + -13?
-49
What is 7 + (-343 - -327 - (2 + 1))?
-12
What is (1717 - 1703) + (87 + 1 - 3) - 7?
92
Evaluate (35 - (7 - 6)) + -294 + 281 + (1 - 4).
18
What is 3 - (-45 + 67 + -11)?
-8
Calculate 42 - (2 + (28 - 34 - -45)).
1
-2 - (1 + 2 - 73 - (0 + -4))
64
Evaluate 5 + 54 + (1 + 1 - (10 + -22 + 21)).
52
Evaluate 4 + 1 + 14 + -11 + 29 + -3 + -21.
13
What is the value of (-1 - -7) + 10 + -1 + -19 + (-40 - 6)?
-50
Calculate 51 + -4 - (-141 + 205).
-17
30 - (127 + (102 - 193))
-6
(26 - -16) + -41 - 21
-20
What is the value of (-42 - -62) + -8 + 7 + -6?
13
What is 29 - 14 - 1 - (7 + 43) - -10?
-26
Evaluate -60 + -5 + -12 + -1 - (3 - 18).
-63
(426 - 417) + (4 - (13 - (0 - 2)))
-2
What is 9 + (-71 - -80) + (21 + -1 - -1) + 2?
41
What is the value of 7 - (111 + 24 + -89 - (-14 + 1))?
-52
What is -421 + 431 + 6 + 26 + -4?
38
Calculate 18 + -178 + 72 - -6.
-82
Calculate (-6 - (-8 + 2) - 15) + 29 - 26.
-12
What is 11 - (-78 + (-12 - -19 - 9 - 5))?
96
What is -5 - (-7 - 0 - (244 + -223))?
23
Calculate 30 - 124 - -11 - 32.
-115
What is (-33 - 61) + 4 - -66?
-24
What is (59 + -44 - (6 + 1)) + (1 - -84) + -1?
92
Calculate (-15 - ((-306 - -315) + -1 + -59) - -11) + 0.
47
What is the value of -2 + 2 - ((-3 - 12) + -14 + 17)?
12
What is the value of (6613 - 6586) + (-1 - (0 + 57))?
-31
What is 19 + -6 + 4 + 12 - 12?
17
Evaluate (42 - (-8 - -53)) + 23.
20
What is the value of -90 - (24 + -94) - (1 + -3)?
-18
Calculate 10 - ((18 - (-5 - 15)) + 8).
-36
Evaluate -3 - ((7 - 23 - -29) + 12 + -6).
-22
Calculate ((11 - -1) + (-55 - -3 - -58) - 4) + -152.
-138
(-633 - -646) + 0 + 5 + -2 + -56
-40
-4 + (0 - -8) + (-31 - (5 - 26))
-6
What is the value of 350 + -327 + (-27 - 4)?
-8
Evaluate -2 + -3 + 8 + 10 + 5 + 9.
27
Calculate 4 - (6 - -3 - 13) - (-17 - (3 - 18)).
10
What is the value of 52 + (32 - (85 + 17))?
-18
-35 + 14 + 30 + 5 + 0 + 70
84
What is 9 + 15 + -24 + -17 + 0 + -22?
-39
Calculate -41 - (-49 - 16) - 32.
-8
1 - 1 - -1 - (-9 + -18 + -42 + 20)
50
Calculate (-6 + -1 - -57) + -15 + -6 + 19 + 5.
53
Calculate (-63 + 118 - (-2 + -2)) + 3 - 11.
51
What is the value of 13 + (-7 - 12) + (-3 - (114 - 6 - 9))?
-108
Calculate (-12 - 21) + (-18 - (-24 - -14)) + 8 + -2.
-35
What is the value of (1137 - 1142) + (0 - (13 - -3)) + 3?
-18
What is the value of 89 + 1 + -25 + 3 + 19 + -12?
75
What is the value of -25 - (-4 + 61 + -81)?
-1
What is the value of 9 - (21 - (16 + -19)) - 5?
-20
Evaluate (27 - 4 - 6 - -2) + -15 - -67.
71
Evaluate (10 - (3 + 1)) + -239 + 230 + 20.
17
Evaluate (71 - 67) + (-4 - -10 - -3).
13
What is -45 + 13 + (2 - (-4 + 9)) + 9 + -11?
-37
What is the value of 76 + 1 + -92 + 6 + -17?
-26
Calculate 15 - 1 - (-244 + 318).
-60
What is the value of -34 + 68 - (3 - (-6 - 0))?
25
What is the value of -27 - (-7 - 17) - -37?
34
What is 45 + 17 + -140 - -68?
-10
What is 72 - 17 - 64 - 34?
-43
What is 89 - (52 - -9) - 2?
26
(-64 - (109 - 172)) + (0 - 21) - -122
100
-67 + -3 + (-2045 - -2092)
-23
Evaluate 1 + -12 + (100 - (-8 + 79)).
18
What is the value of -9 - 2 - (-10 + 0 + (-394 - -390) - -65)?
-62
-9 - (-3 + (5 - 2)) - (1924 - 1942)
9
Evaluate (2 + 15 - 47) + 17.
-13
Evaluate -134 - -194 - 86 - (-3 + -1).
-22
What is the value of -134 - (-12 - (115 + -52))?
-59
(-3 - 0 - 11) + (-8 - (-57 + 66))
-31
What is (-13 - (83 - 26)) + (-5 - (0 + 2))?
-77
What is the value of -6 + 6 - (152 - 216)?
64
Calculate -170 - (-32 - (-60 + 151)).
-47
What is (-1912 - -1933) + (2 - 5 - 20)?
-2
(-13 - ((11 - (23 + -5)) + -6)) + 45
45
Calculate 4 + -6 + 18 + (-40 - -75) + 5.
56
What is -3193 + 3109 + 1 + 158?
75
Evaluate -11 + (-3 - -5) - (-24 + (-18 - 12)).
45
What is the value of -2 + (-3 - -14) - (1454 + -1416)?
-29
Calculate (43 - 56 - -42) + -56.
-27
Evaluate -30 - (-709 + 726 - (-3 - (-4 + -9))).
-37
Evaluate 127 + -106 + -38 - (-13 + 0) - (68 - -1).
-73
-42 - 10 - -18 - -15
-19
Evaluate 5 - -15 - (-32 - (13 - 44)).
21
What is (15 - (-38 - (-92 - -13))) + 31?
5
128 + (-54 - (-122 + 82))
114
Evaluate -3 + (6 + 0 - 15) + (6 - 5).
-11
What is -31 + 18 + 54 + -75?
-34
(-36 - -22) + (-1 + 4 - (-8 + -10 + 11))
-4
What is the value of -6639 - -6624 - (-1 - -6)?
-20
Evaluate -91 + ((8 - -4) + 1 - 14).
-92
(80 - 1) + -33 + 48 + -34 - (-6 - 0)
66
What is the value of (-16 - (21 + 8)) + (-11 - -9) + 6?
-41
Calculate -142 + (7 - (-4 + -11 + 16 + 3 - 13)).
-126
What is the value of -13 + (-50 - (3 + -171))?
105
What is (275 - 338) + 117 + -2?
52
What is the value of -2226 - -2342 - (-4 + 0 - -11)?
109
Calculate 39 + -32 - (4 + 8 - 14) - -17.
26
Calculate -7 + 0 + (-2023 - -1970).
-60
What is the value of -6 + -15 + 12 + (12 +